{"id":16716,"date":"2025-02-26T10:03:51","date_gmt":"2025-02-26T10:03:51","guid":{"rendered":"https:\/\/nord.ravpsd.hekko24.pl\/?page_id=16716"},"modified":"2025-02-26T10:06:21","modified_gmt":"2025-02-26T10:06:21","slug":"nordmedic-podkarpacie-2","status":"publish","type":"page","link":"https:\/\/nord.ravpsd.hekko24.pl\/?page_id=16716","title":{"rendered":"Nordmedic Podkarpacie"},"content":{"rendered":"\t\t<div data-elementor-type=\"wp-page\" data-elementor-id=\"16716\" class=\"elementor elementor-16716\">\n\t\t\t\t\t\t<section class=\"wd-negative-gap elementor-section elementor-top-section elementor-element elementor-element-5387ebf wd-section-stretch elementor-section-boxed elementor-section-height-default elementor-section-height-default\" data-id=\"5387ebf\" data-element_type=\"section\" data-e-type=\"section\" data-settings=\"{&quot;background_background&quot;:&quot;classic&quot;}\">\n\t\t\t\t\t\t<div class=\"elementor-container elementor-column-gap-default\">\n\t\t\t\t\t<div class=\"elementor-column elementor-col-100 elementor-top-column elementor-element elementor-element-db8382f\" data-id=\"db8382f\" data-element_type=\"column\" data-e-type=\"column\">\n\t\t\t<div class=\"elementor-widget-wrap elementor-element-populated\">\n\t\t\t\t\t\t<div class=\"elementor-element elementor-element-88c1f80 wd-width-100 elementor-widget elementor-widget-wd_title\" data-id=\"88c1f80\" data-element_type=\"widget\" data-e-type=\"widget\" data-widget_type=\"wd_title.default\">\n\t\t\t\t<div class=\"elementor-widget-container\">\n\t\t\t\t\t\t\t\t<link rel=\"stylesheet\" id=\"wd-section-title-css\" href=\"https:\/\/nord.ravpsd.hekko24.pl\/wp-content\/themes\/woodmart\/css\/parts\/el-section-title.min.css?ver=7.6.0\" type=\"text\/css\" media=\"all\" \/> \t\t\t\t\t\t<link rel=\"stylesheet\" id=\"wd-section-title-style-simple-and-brd-css\" href=\"https:\/\/nord.ravpsd.hekko24.pl\/wp-content\/themes\/woodmart\/css\/parts\/el-section-title-style-simple-and-brd.min.css?ver=7.6.0\" type=\"text\/css\" media=\"all\" \/> \t\t\t\t\t<div class=\"title-wrapper set-mb-s reset-last-child wd-title-color-primary wd-title-style-simple wd-title-size-default text-center\">\n\n\t\t\t\t\t\t\t<div class=\"title-subtitle subtitle-color-primary subtitle-style-default wd-fontsize-xs\">\n\t\t\t\t\tSprawd\u017a, co oferujemy naszym Pacjentom na Podkarpaciu\t\t\t\t<\/div>\n\t\t\t\n\t\t\t<div class=\"liner-continer\">\n\t\t\t\t<h4 class=\"woodmart-title-container title wd-fontsize-l\">Nordmedic Podkarpacie<\/h4> \n\t\t\t\t\t\t\t<\/div>\n\n\t\t\t\t\t\t\t<div class=\"title-after_title set-cont-mb-s reset-last-child wd-fontsize-xs\">\n\t\t\t\t\t<p>Skuteczna rehabilitacja blisko Ciebie! W Nordmedic Podkarpacie pomagamy pacjentom odzyska\u0107 sprawno\u015b\u0107 dzi\u0119ki terapii prowadzonej zar\u00f3wno w domu, jak i w naszej plac\u00f3wce.<\/p>\t\t\t\t<\/div>\n\t\t\t\t\t<\/div>\n\t\t\t\t\t\t<\/div>\n\t\t\t\t<\/div>\n\t\t\t\t<section class=\"wd-negative-gap elementor-section elementor-inner-section elementor-element elementor-element-0622c6a elementor-section-boxed elementor-section-height-default elementor-section-height-default\" data-id=\"0622c6a\" data-element_type=\"section\" data-e-type=\"section\">\n\t\t\t\t\t\t<div class=\"elementor-container elementor-column-gap-default\">\n\t\t\t\t\t<div class=\"elementor-column elementor-col-50 elementor-inner-column elementor-element elementor-element-14c2973\" data-id=\"14c2973\" data-element_type=\"column\" data-e-type=\"column\">\n\t\t\t<div class=\"elementor-widget-wrap elementor-element-populated\">\n\t\t\t\t\t\t<div class=\"elementor-element elementor-element-fe8c8bd elementor-widget elementor-widget-wd_infobox\" data-id=\"fe8c8bd\" data-element_type=\"widget\" data-e-type=\"widget\" data-widget_type=\"wd_infobox.default\">\n\t\t\t\t<div class=\"elementor-widget-container\">\n\t\t\t\t\t\t\t\t<link rel=\"stylesheet\" id=\"wd-info-box-css\" href=\"https:\/\/nord.ravpsd.hekko24.pl\/wp-content\/themes\/woodmart\/css\/parts\/el-info-box.min.css?ver=7.6.0\" type=\"text\/css\" media=\"all\" \/> \t\t\t\t\t\t<link rel=\"stylesheet\" id=\"wd-info-box-style-shadow-and-bg-hover-css\" href=\"https:\/\/nord.ravpsd.hekko24.pl\/wp-content\/themes\/woodmart\/css\/parts\/el-info-box-style-shadow-and-bg-hover.min.css?ver=7.6.0\" type=\"text\/css\" media=\"all\" \/> \t\t\t\t\t<div class=\"info-box-wrapper\">\n\t\t\t<div class=\"wd-info-box text-center box-icon-align-top box-style-bg-hover color-scheme-dark color-scheme-hover-light with-btn box-btn-static\">\n\t\t\t\t\t\t\t\t\t<div class=\"box-icon-wrapper  box-with-icon box-icon-simple\">\n\t\t\t\t\t\t<div class=\"info-box-icon\">\n\t\t\t\t\t\t\t\t\t\t\t\t\t\t\t<div class=\"info-svg-wrapper\" style=\"width:60px; height:60px;\"><img decoding=\"async\"  src=\"https:\/\/nord.ravpsd.hekko24.pl\/wp-content\/uploads\/2025\/02\/Opieka-LekarskaPielegniarska.svg\" title=\"Opieka-LekarskaPielegniarska\" width=\"60\" height=\"60\"><\/div>\t\t\t\t\t\t\t\t\t\t\t\t\t<\/div>\n\t\t\t\t\t<\/div>\n\t\t\t\t\n\t\t\t\t<div class=\"info-box-content\">\n\t\t\t\t\t\n\t\t\t\t\t\t\t\t\t\t\t<h4\t\t\t\t\t\tclass=\"info-box-title title box-title-style-default wd-fontsize-m\" data-elementor-setting-key=\"title\">\n\t\t\t\t\t\t\t\tRehabilitacja domowa Podkarpacie\t\t\t\t\t\t<\/h4>\n\t\t\t\t\t\n\t\t\t\t\t<div class=\"info-box-inner set-cont-mb-s reset-last-child\"data-elementor-setting-key=\"content\"><\/div>\n\n\t\t\t\t\t\t\t\t\t\t\t<div class=\"info-btn-wrapper\">\n\t\t\t\t\t\t\t\t\t<div class=\"wd-button-wrapper text-center\" >\n\t\t\t<a class=\"btn btn-style-default btn-style-rectangle btn-size-default btn-color-default btn-icon-pos-right\"  href=\"https:\/\/nord.ravpsd.hekko24.pl\/?page_id=16237\">\n\t\t\t\t<span class=\"wd-btn-text\" data-elementor-setting-key=\"text\">\n\t\t\t\t\tSprawd\u017a szczeg\u00f3\u0142y\t\t\t\t<\/span>\n\n\t\t\t\t\t\t\t<\/a>\n\t\t<\/div>\n\t\t\t\t\t\t\t\t<\/div>\n\t\t\t\t\t\t\t\t\t<\/div>\n\n\t\t\t\t\t\t\t<\/div>\n\t\t<\/div>\n\t\t\t\t\t\t<\/div>\n\t\t\t\t<\/div>\n\t\t\t\t\t<\/div>\n\t\t<\/div>\n\t\t\t\t<div class=\"elementor-column elementor-col-50 elementor-inner-column elementor-element elementor-element-c24c385\" data-id=\"c24c385\" data-element_type=\"column\" data-e-type=\"column\">\n\t\t\t<div class=\"elementor-widget-wrap elementor-element-populated\">\n\t\t\t\t\t\t<div class=\"elementor-element elementor-element-1d771e4 elementor-widget elementor-widget-wd_infobox\" data-id=\"1d771e4\" data-element_type=\"widget\" data-e-type=\"widget\" data-widget_type=\"wd_infobox.default\">\n\t\t\t\t<div class=\"elementor-widget-container\">\n\t\t\t\t\t\t\t<div class=\"info-box-wrapper\">\n\t\t\t<div class=\"wd-info-box text-center box-icon-align-top box-style-bg-hover color-scheme-dark color-scheme-hover-light with-btn box-btn-static\">\n\t\t\t\t\t\t\t\t\t<div class=\"box-icon-wrapper  box-with-icon box-icon-simple\">\n\t\t\t\t\t\t<div class=\"info-box-icon\">\n\t\t\t\t\t\t\t\t\t\t\t\t\t\t\t<div class=\"info-svg-wrapper\" style=\"width:60px; height:60px;\"><img decoding=\"async\"  src=\"https:\/\/nord.ravpsd.hekko24.pl\/wp-content\/uploads\/2025\/02\/WyposazenieRehabilitacja.svg\" title=\"WyposazenieRehabilitacja\" width=\"60\" height=\"60\"><\/div>\t\t\t\t\t\t\t\t\t\t\t\t\t<\/div>\n\t\t\t\t\t<\/div>\n\t\t\t\t\n\t\t\t\t<div class=\"info-box-content\">\n\t\t\t\t\t\n\t\t\t\t\t\t\t\t\t\t\t<h4\t\t\t\t\t\tclass=\"info-box-title title box-title-style-default wd-fontsize-m\" data-elementor-setting-key=\"title\">\n\t\t\t\t\t\t\t\tRehabilitacja ambulatoryjna Podkarpacie\t\t\t\t\t\t<\/h4>\n\t\t\t\t\t\n\t\t\t\t\t<div class=\"info-box-inner set-cont-mb-s reset-last-child\"data-elementor-setting-key=\"content\"><\/div>\n\n\t\t\t\t\t\t\t\t\t\t\t<div class=\"info-btn-wrapper\">\n\t\t\t\t\t\t\t\t\t<div class=\"wd-button-wrapper text-center\" >\n\t\t\t<a class=\"btn btn-style-default btn-style-rectangle btn-size-default btn-color-default btn-icon-pos-right\"  href=\"https:\/\/nord.ravpsd.hekko24.pl\/?page_id=16208\">\n\t\t\t\t<span class=\"wd-btn-text\" data-elementor-setting-key=\"text\">\n\t\t\t\t\tSprawd\u017a szczeg\u00f3\u0142y\t\t\t\t<\/span>\n\n\t\t\t\t\t\t\t<\/a>\n\t\t<\/div>\n\t\t\t\t\t\t\t\t<\/div>\n\t\t\t\t\t\t\t\t\t<\/div>\n\n\t\t\t\t\t\t\t<\/div>\n\t\t<\/div>\n\t\t\t\t\t\t<\/div>\n\t\t\t\t<\/div>\n\t\t\t\t\t<\/div>\n\t\t<\/div>\n\t\t\t\t\t<\/div>\n\t\t<\/section>\n\t\t\t\t\t<\/div>\n\t\t<\/div>\n\t\t\t\t\t<\/div>\n\t\t<\/section>\n\t\t<div class=\"elementor-element elementor-element-4bc32d8 wd-section-stretch e-flex e-con-boxed e-con e-parent\" data-id=\"4bc32d8\" data-element_type=\"container\" data-e-type=\"container\">\n\t\t\t\t\t<div class=\"e-con-inner\">\n\t\t\t\t<div class=\"elementor-element elementor-element-900d45c wd-width-100 elementor-widget elementor-widget-wd_open_street_map\" data-id=\"900d45c\" data-element_type=\"widget\" data-e-type=\"widget\" data-widget_type=\"wd_open_street_map.default\">\n\t\t\t\t<div class=\"elementor-widget-container\">\n\t\t\t\t\t\t\t\t<link rel=\"stylesheet\" id=\"wd-map-css\" href=\"https:\/\/nord.ravpsd.hekko24.pl\/wp-content\/themes\/woodmart\/css\/parts\/el-map.min.css?ver=7.6.0\" type=\"text\/css\" media=\"all\" \/> \t\t\t\t\t\t<link rel=\"stylesheet\" id=\"wd-el-open-street-map-css\" href=\"https:\/\/nord.ravpsd.hekko24.pl\/wp-content\/themes\/woodmart\/css\/parts\/el-open-street-map.min.css?ver=7.6.0\" type=\"text\/css\" media=\"all\" \/> \t\t\t\t\t<div class=\"wd-osm-map-container wd-map-container map-container-with-content\">\n\t\t\t<div id=\"wd-osm-map-900d45c\" class=\"wd-osm-map-wrapper wd-map-wrapper\" data-settings=\"{&quot;zoom&quot;:15,&quot;iconUrl&quot;:&quot;https:\\\/\\\/nord.ravpsd.hekko24.pl\\\/wp-content\\\/themes\\\/woodmart\\\/images\\\/icons\\\/marker-icon.png&quot;,&quot;scrollWheelZoom&quot;:&quot;yes&quot;,&quot;zoomControl&quot;:&quot;yes&quot;,&quot;dragging&quot;:&quot;yes&quot;,&quot;geoapify_tile&quot;:&quot;osm-carto&quot;,&quot;markers&quot;:[{&quot;marker&quot;:{&quot;_id&quot;:&quot;63bf258&quot;,&quot;marker_title&quot;:&quot;NORDMEDIC PODKARPACIE&quot;,&quot;marker_coords&quot;:&quot;49.742307, 21.474944&quot;,&quot;marker_behavior&quot;:&quot;tooltip&quot;,&quot;show_button&quot;:&quot;&quot;,&quot;button_text&quot;:null,&quot;marker_description&quot;:&quot;&quot;,&quot;button_url&quot;:null,&quot;button_url_target&quot;:null,&quot;image&quot;:{&quot;url&quot;:&quot;&quot;,&quot;id&quot;:&quot;&quot;,&quot;size&quot;:&quot;&quot;},&quot;image_size&quot;:[],&quot;image_custom_dimension&quot;:null},&quot;lat&quot;:&quot;49.742307&quot;,&quot;lng&quot;:&quot; 21.474944&quot;}],&quot;center&quot;:&quot;49.742307,21.474944&quot;,&quot;init_type&quot;:&quot;page_load&quot;}\"><\/div>\n\n\t\t\t\n\t\t\t\n\t\t\t\t\t\t\t<div class=\"container wd-osm-map-content-wrap wd-map-content-wrap wd-items-top wd-justify-left wd-fill\">\n\t\t\t\t\t<div class=\"wd-osm-map-content wd-map-content reset-last-child\">\n\t\t\t\t\t\t\t\t\t\t\t\t\t<div class=\"info-box-content\">\n<div class=\"info-box-subtitle subtitle-color-default subtitle-style-default woodmart-font-weight-\">NORDMEDIC PODKARPACIE<\/div>\n<h4 class=\"info-box-title woodmart-font-weight- box-title-style-default\">ODDZIA\u0141 PODKARPACIE<\/h4>\n<div class=\"info-box-inner reset-mb-10\">\n<p>Ul. Kochanowskiego 6 | 38-200 Jas\u0142o<\/p>\n<div class=\"section-map-details-address\">\n<p><a href=\"mailto:podkarpacie@nordmedic.pl\">podkarpacie@nordmedic.pl<\/a><\/p>\n<p><a href=\"tel:531 550 044\">531 550 044<\/a><\/p>\n<\/div>\n<\/div>\n<\/div>\n\t\t\t\t\t\t\t\t\t\t\t<\/div>\n\t\t\t\t<\/div>\n\t\t\t\t\t<\/div>\n\t\t\t\t\t\t<\/div>\n\t\t\t\t<\/div>\n\t\t\t\t\t<\/div>\n\t\t\t\t<\/div>\n\t\t<div class=\"wd-negative-gap elementor-element elementor-element-9c72f39 wd-section-stretch e-flex e-con-boxed e-con e-parent\" data-id=\"9c72f39\" data-element_type=\"container\" data-e-type=\"container\" data-settings=\"{&quot;background_background&quot;:&quot;gradient&quot;}\">\n\t\t\t\t\t<div class=\"e-con-inner\">\n\t\t<div class=\"elementor-element elementor-element-4686d0a e-con-full color-scheme-light e-flex e-con e-child\" data-id=\"4686d0a\" data-element_type=\"container\" data-e-type=\"container\" data-settings=\"{&quot;background_background&quot;:&quot;classic&quot;}\">\n\t\t\t\t<div class=\"elementor-element elementor-element-1b8ec78 wd-width-100 elementor-widget elementor-widget-wd_title\" data-id=\"1b8ec78\" data-element_type=\"widget\" data-e-type=\"widget\" data-widget_type=\"wd_title.default\">\n\t\t\t\t<div class=\"elementor-widget-container\">\n\t\t\t\t\t\t\t<div class=\"title-wrapper set-mb-s reset-last-child wd-title-color-white wd-title-style-simple wd-title-size-default text-center\">\n\n\t\t\t\t\t\t\t<div class=\"title-subtitle subtitle-color-white subtitle-style-default wd-fontsize-xs\">\n\t\t\t\t\tSprawd\u017a, jak mo\u017cemy Ci pom\u00f3c\t\t\t\t<\/div>\n\t\t\t\n\t\t\t<div class=\"liner-continer\">\n\t\t\t\t<h4 class=\"woodmart-title-container title wd-fontsize-l\">Zarejestruj si\u0119<\/h4> \n\t\t\t\t\t\t\t<\/div>\n\n\t\t\t\t\t<\/div>\n\t\t\t\t\t\t<\/div>\n\t\t\t\t<\/div>\n\t\t\t\t<div class=\"elementor-element elementor-element-10e9d49 elementor-widget elementor-widget-wd_contact_form_7\" data-id=\"10e9d49\" data-element_type=\"widget\" data-e-type=\"widget\" data-widget_type=\"wd_contact_form_7.default\">\n\t\t\t\t<div class=\"elementor-widget-container\">\n\t\t\t\t\t\n<div class=\"wpcf7 no-js\" id=\"wpcf7-f16014-o1\" lang=\"pl-PL\" dir=\"ltr\" data-wpcf7-id=\"16014\">\n<div class=\"screen-reader-response\"><p role=\"status\" aria-live=\"polite\" aria-atomic=\"true\"><\/p> <ul><\/ul><\/div>\n<form action=\"\/index.php?rest_route=%2Fwp%2Fv2%2Fpages%2F16716#wpcf7-f16014-o1\" method=\"post\" class=\"wpcf7-form init wd-style-with-bg\" aria-label=\"Formularz kontaktowy\" novalidate=\"novalidate\" data-status=\"init\">\n<fieldset class=\"hidden-fields-container\"><input type=\"hidden\" name=\"_wpcf7\" value=\"16014\" \/><input type=\"hidden\" name=\"_wpcf7_version\" value=\"6.1.5\" \/><input type=\"hidden\" name=\"_wpcf7_locale\" value=\"pl_PL\" \/><input type=\"hidden\" name=\"_wpcf7_unit_tag\" value=\"wpcf7-f16014-o1\" \/><input type=\"hidden\" name=\"_wpcf7_container_post\" value=\"0\" \/><input type=\"hidden\" name=\"_wpcf7_posted_data_hash\" value=\"\" \/><input type=\"hidden\" name=\"_wpcf7cf_hidden_group_fields\" value=\"[]\" \/><input type=\"hidden\" name=\"_wpcf7cf_hidden_groups\" value=\"[]\" \/><input type=\"hidden\" name=\"_wpcf7cf_visible_groups\" value=\"[]\" \/><input type=\"hidden\" name=\"_wpcf7cf_repeaters\" value=\"[]\" \/><input type=\"hidden\" name=\"_wpcf7cf_steps\" value=\"{}\" \/><input type=\"hidden\" name=\"_wpcf7cf_options\" value=\"{&quot;form_id&quot;:16014,&quot;conditions&quot;:[{&quot;then_field&quot;:&quot;pomorskie&quot;,&quot;and_rules&quot;:[{&quot;if_field&quot;:&quot;placowka&quot;,&quot;operator&quot;:&quot;equals&quot;,&quot;if_value&quot;:&quot;Pomorskie&quot;}]},{&quot;then_field&quot;:&quot;slaskie&quot;,&quot;and_rules&quot;:[{&quot;if_field&quot;:&quot;placowka&quot;,&quot;operator&quot;:&quot;equals&quot;,&quot;if_value&quot;:&quot;\\u015al\\u0105skie&quot;}]},{&quot;then_field&quot;:&quot;podkarpackie&quot;,&quot;and_rules&quot;:[{&quot;if_field&quot;:&quot;placowka&quot;,&quot;operator&quot;:&quot;equals&quot;,&quot;if_value&quot;:&quot;Podkarpackie&quot;}]},{&quot;then_field&quot;:&quot;mazowieckie&quot;,&quot;and_rules&quot;:[{&quot;if_field&quot;:&quot;placowka&quot;,&quot;operator&quot;:&quot;equals&quot;,&quot;if_value&quot;:&quot;Mazowieckie&quot;}]}],&quot;settings&quot;:{&quot;animation&quot;:&quot;yes&quot;,&quot;animation_intime&quot;:200,&quot;animation_outtime&quot;:200,&quot;conditions_ui&quot;:&quot;normal&quot;,&quot;notice_dismissed&quot;:false,&quot;notice_dismissed_update-cf7-6.0.4&quot;:true}}\" \/>\n<\/fieldset>\n<div class=\"row\">\n\t<div class=\"col-12 col-form\">\n\t\t<p><label>Wybierz wojew\u00f3dztwo<span class=\"wpcf7-form-control-wrap\" data-name=\"placowka\"><select class=\"wpcf7-form-control wpcf7-select wpcf7-validates-as-required\" aria-required=\"true\" aria-invalid=\"false\" name=\"placowka\"><option value=\"\">&#8212;Prosz\u0119 wybra\u0107 opcj\u0119&#8212;<\/option><option value=\"\u015al\u0105skie\">\u015al\u0105skie<\/option><option value=\"Pomorskie\">Pomorskie<\/option><option value=\"Podkarpackie\">Podkarpackie<\/option><option value=\"Mazowieckie\">Mazowieckie<\/option><\/select><\/span><\/label>\n\t\t<\/p>\n\t<\/div>\n\t<div data-id=\"pomorskie\" data-orig_data_id=\"pomorskie\"  class=\"\" data-class=\"wpcf7cf_group\">\n\t\t<div class=\"rodo\">\n\t\t\t<p><a href=\"https:\/\/nordmedic.pl\/wp-content\/uploads\/2024\/09\/Klauzula-Informacyjna-Nordmedic-Sp.-z-o.o.pdf\" target=\"_blank\" color=\"white\">Klauzula informacyjna RODO<\/a> Nordmedic Sp. z o.o.\n\t\t\t<\/p>\n\t\t<\/div>\n\t\t<div class=\"col-12 col-form\">\n\t\t\t<p><label>Rodzaj \u015bwiadczenia<span class=\"wpcf7-form-control-wrap\" data-name=\"pomorze-wybor\"><select class=\"wpcf7-form-control wpcf7-select\" aria-invalid=\"false\" name=\"pomorze-wybor\"><option value=\"\">&#8212;Prosz\u0119 wybra\u0107 opcj\u0119&#8212;<\/option><option value=\"Zak\u0142ad Opieku\u0144czo Leczniczy - Gardna Wielka\">Zak\u0142ad Opieku\u0144czo Leczniczy - Gardna Wielka<\/option><option value=\"Pracownia Fizjoterapii - Gardna Wielka\">Pracownia Fizjoterapii - Gardna Wielka<\/option><option value=\"Rehabilitacja domowa\">Rehabilitacja domowa<\/option><option value=\"Poradnia Podstawowej Opieki Zdrowotnej - G\u0142\u00f3wczyce\">Poradnia Podstawowej Opieki Zdrowotnej - G\u0142\u00f3wczyce<\/option><\/select><\/span><\/label>\n\t\t\t<\/p>\n\t\t<\/div>\n\t<\/div>\n\t<div data-id=\"slaskie\" data-orig_data_id=\"slaskie\"  class=\"\" data-class=\"wpcf7cf_group\">\n\t\t<div class=\"rodo\">\n\t\t\t<p><a href=\"https:\/\/nordmedic.pl\/wp-content\/uploads\/2024\/09\/Klauzula-informacyjna-Nordmedic-SLASK-Sp-z-o.-o.pdf\" target=\"_blank\" color=\"white\">Klauzula informacyjna RODO<\/a> Nordmedic \u015al\u0105sk Sp. z o.o.\n\t\t\t<\/p>\n\t\t<\/div>\n\t\t<div class=\"col-12 col-form\">\n\t\t\t<p><label>Rodzaj \u015bwiadczenia<span class=\"wpcf7-form-control-wrap\" data-name=\"slask-wybor\"><select class=\"wpcf7-form-control wpcf7-select\" aria-invalid=\"false\" name=\"slask-wybor\"><option value=\"\">&#8212;Prosz\u0119 wybra\u0107 opcj\u0119&#8212;<\/option><option value=\"Pracownia fizjoterapii w Bytomiu\">Pracownia fizjoterapii w Bytomiu<\/option><option value=\"Rehabilitacja domowa\">Rehabilitacja domowa<\/option><option value=\"Poradnia rehabilitacyjna\">Poradnia rehabilitacyjna<\/option><\/select><\/span><\/label>\n\t\t\t<\/p>\n\t\t<\/div>\n\t<\/div>\n\t<div data-id=\"podkarpackie\" data-orig_data_id=\"podkarpackie\"  class=\"\" data-class=\"wpcf7cf_group\">\n\t\t<div class=\"rodo\">\n\t\t\t<p><a href=\"https:\/\/nordmedic.pl\/wp-content\/uploads\/2024\/09\/Klauzula-informacyjna-Nordmedic-Podkarpacie.pdf\" target=\"_blank\" color=\"white\">Klauzula informacyjna RODO<\/a> Nordmedic Podkarpacie Sp. z o.o.\n\t\t\t<\/p>\n\t\t<\/div>\n\t\t<div class=\"col-12 col-form\">\n\t\t\t<p><label>Rodzaj \u015bwiadczenia<span class=\"wpcf7-form-control-wrap\" data-name=\"podkarpacie-wybor\"><select class=\"wpcf7-form-control wpcf7-select\" aria-invalid=\"false\" name=\"podkarpacie-wybor\"><option value=\"\">&#8212;Prosz\u0119 wybra\u0107 opcj\u0119&#8212;<\/option><option value=\"Pracownia Fizjoterapii - Jas\u0142o\">Pracownia Fizjoterapii - Jas\u0142o<\/option><option value=\"Rehabilitacja domowa\">Rehabilitacja domowa<\/option><\/select><\/span><\/label>\n\t\t\t<\/p>\n\t\t<\/div>\n\t<\/div>\n\t<div data-id=\"mazowieckie\" data-orig_data_id=\"mazowieckie\"  class=\"\" data-class=\"wpcf7cf_group\">\n\t\t<div class=\"rodo\">\n\t\t\t<p><a href=\"https:\/\/nordmedic.pl\/wp-content\/uploads\/2024\/09\/Klauzula-informacyjna-Nordmedic-Mazowsze.pdf\" target=\"_blank\" color=\"white\">Klauzula informacyjna RODO<\/a> Nordmedic Mazowsze Sp. z o.o.\n\t\t\t<\/p>\n\t\t<\/div>\n\t\t<div class=\"col-12 col-form\">\n\t\t\t<p><label>Rodzaj \u015bwiadczenia<span class=\"wpcf7-form-control-wrap\" data-name=\"mazowsze-wybor\"><select class=\"wpcf7-form-control wpcf7-select\" aria-invalid=\"false\" name=\"mazowsze-wybor\"><option value=\"\">&#8212;Prosz\u0119 wybra\u0107 opcj\u0119&#8212;<\/option><option value=\"Dzienny oddzia\u0142 rehabilitacji w Ciechanowie\">Dzienny oddzia\u0142 rehabilitacji w Ciechanowie<\/option><option value=\"Pracownia Fizjoterapii w Ciechanowie\">Pracownia Fizjoterapii w Ciechanowie<\/option><option value=\"Poradnia rehabilitacyjna w Ciechanowie\">Poradnia rehabilitacyjna w Ciechanowie<\/option><option value=\"Rehabilitacja domowa\">Rehabilitacja domowa<\/option><\/select><\/span><\/label>\n\t\t\t<\/p>\n\t\t<\/div>\n\t<\/div>\n\t<div class=\"col-12 col-form\">\n\t\t<p><label>Imi\u0119 i nazwisko<span class=\"wpcf7-form-control-wrap\" data-name=\"dane\"><input size=\"40\" maxlength=\"400\" class=\"wpcf7-form-control wpcf7-text wpcf7-validates-as-required\" aria-required=\"true\" aria-invalid=\"false\" value=\"\" type=\"text\" name=\"dane\" \/><\/span><\/label>\n\t\t<\/p>\n\t<\/div>\n\t<div class=\"col-12 col-sm-6 col-md-12 col-lg-6 col-form\">\n\t\t<p><label>Telefon<span class=\"wpcf7-form-control-wrap\" data-name=\"telefon\"><input size=\"40\" maxlength=\"400\" class=\"wpcf7-form-control wpcf7-tel wpcf7-text wpcf7-validates-as-tel\" aria-invalid=\"false\" value=\"\" type=\"tel\" name=\"telefon\" \/><\/span><\/label>\n\t\t<\/p>\n\t<\/div>\n\t<div class=\"col-12 col-sm-6 col-md-12 col-lg-6 col-form\">\n\t\t<p><label>Email<span class=\"wpcf7-form-control-wrap\" data-name=\"email\"><input size=\"40\" maxlength=\"400\" class=\"wpcf7-form-control wpcf7-email wpcf7-validates-as-required wpcf7-text wpcf7-validates-as-email\" aria-required=\"true\" aria-invalid=\"false\" value=\"\" type=\"email\" name=\"email\" \/><\/span><\/label>\n\t\t<\/p>\n\t<\/div>\n\t<div class=\"col-12 col-sm-6 col-md-12 col-lg-6 col-form\">\n\t\t<p><label>Rodzaj przypadku<span class=\"wpcf7-form-control-wrap\" data-name=\"przypadek\"><select class=\"wpcf7-form-control wpcf7-select wpcf7-validates-as-required\" aria-required=\"true\" aria-invalid=\"false\" name=\"przypadek\"><option value=\"\">&#8212;Prosz\u0119 wybra\u0107 opcj\u0119&#8212;<\/option><option value=\"stabilny\">stabilny<\/option><option value=\"pilny\">pilny<\/option><\/select><\/span><\/label>\n\t\t<\/p>\n\t<\/div>\n\t<div class=\"col-12 col-sm-6 col-md-12 col-lg-6 col-form\">\n\t\t<p><label>Miejscowo\u015b\u0107 zamieszkania<span class=\"wpcf7-form-control-wrap\" data-name=\"miejscowosc\"><input size=\"40\" maxlength=\"400\" class=\"wpcf7-form-control wpcf7-text wpcf7-validates-as-required\" aria-required=\"true\" aria-invalid=\"false\" value=\"\" type=\"text\" name=\"miejscowosc\" \/><\/span><\/label>\n\t\t<\/p>\n\t<\/div>\n\t<div class=\"col-12 col-form\">\n\t\t<p><label>Czy posiada Pani\/Pan szczeg\u00f3lne uprawnienia (np. orzeczenia o niepe\u0142nosprawno\u015bci)<span class=\"wpcf7-form-control-wrap\" data-name=\"orzeczenie\"><select class=\"wpcf7-form-control wpcf7-select wpcf7-validates-as-required\" aria-required=\"true\" aria-invalid=\"false\" name=\"orzeczenie\"><option value=\"\">&#8212;Prosz\u0119 wybra\u0107 opcj\u0119&#8212;<\/option><option value=\"Nie\">Nie<\/option><option value=\"Tak\">Tak<\/option><\/select><\/span><\/label>\n\t\t<\/p>\n\t<\/div>\n\t<div class=\"col-12 col-form\">\n\t\t<p><label>Kod skierowania<span class=\"wpcf7-form-control-wrap\" data-name=\"skierowanie\"><input size=\"40\" maxlength=\"400\" class=\"wpcf7-form-control wpcf7-text\" aria-invalid=\"false\" value=\"\" type=\"text\" name=\"skierowanie\" \/><\/span><\/label>\n\t\t<\/p>\n\t<\/div>\n\t<div class=\"col-12 col-form\">\n\t\t<p><span class=\"wpcf7-form-control-wrap\" data-name=\"acceptance-375\"><span class=\"wpcf7-form-control wpcf7-acceptance\"><span class=\"wpcf7-list-item\"><label><input type=\"checkbox\" name=\"acceptance-375\" value=\"1\" aria-invalid=\"false\" \/><span class=\"wpcf7-list-item-label\">Zgoda na warunki zawarte w Regulaminie i Klauzuli informacyjnej RODO(wymagana). Zapoznaj si\u0119 z pe\u0142n\u0105 tre\u015bci\u0105 <a href=\"https:\/\/nordmedic.pl\/polityka-prywatnosci\/\" target=\"_blank\">Polityki prywatno\u015bci<\/a> oraz <a href=\"https:\/\/nordmedic.pl\/klauzula-informacyjna-rodo\/\" target=\"_blank\">Klauzul\u0105 informacyjn\u0105 RODO<\/a><\/span><\/label><\/span><\/span><\/span>\n\t\t<\/p>\n\t<\/div>\n\t<div class=\"col-12 col-form\">\n\t\t<p><input class=\"wpcf7-form-control wpcf7-submit has-spinner\" type=\"submit\" value=\"Wy\u015blij\" \/>\n\t\t<\/p>\n\t<\/div>\n<\/div><div class=\"wpcf7-response-output\" aria-hidden=\"true\"><\/div>\n<\/form>\n<\/div>\n\t\t\t\t<\/div>\n\t\t\t\t<\/div>\n\t\t\t\t<\/div>\n\t\t\t\t\t<\/div>\n\t\t\t\t<\/div>\n\t\t\t\t<\/div>\n\t\t","protected":false},"excerpt":{"rendered":"<p>Sprawd\u017a, co oferujemy naszym Pacjentom na Podkarpaciu Nordmedic Podkarpacie Skuteczna rehabilitacja blisko Ciebie! W Nordmedic Podkarpacie pomagamy pacjentom odzyska\u0107 sprawno\u015b\u0107<\/p>\n","protected":false},"author":1,"featured_media":0,"parent":0,"menu_order":0,"comment_status":"closed","ping_status":"closed","template":"","meta":{"footnotes":""},"class_list":["post-16716","page","type-page","status-publish","hentry"],"_links":{"self":[{"href":"https:\/\/nord.ravpsd.hekko24.pl\/index.php?rest_route=\/wp\/v2\/pages\/16716","targetHints":{"allow":["GET"]}}],"collection":[{"href":"https:\/\/nord.ravpsd.hekko24.pl\/index.php?rest_route=\/wp\/v2\/pages"}],"about":[{"href":"https:\/\/nord.ravpsd.hekko24.pl\/index.php?rest_route=\/wp\/v2\/types\/page"}],"author":[{"embeddable":true,"href":"https:\/\/nord.ravpsd.hekko24.pl\/index.php?rest_route=\/wp\/v2\/users\/1"}],"replies":[{"embeddable":true,"href":"https:\/\/nord.ravpsd.hekko24.pl\/index.php?rest_route=%2Fwp%2Fv2%2Fcomments&post=16716"}],"version-history":[{"count":4,"href":"https:\/\/nord.ravpsd.hekko24.pl\/index.php?rest_route=\/wp\/v2\/pages\/16716\/revisions"}],"predecessor-version":[{"id":16720,"href":"https:\/\/nord.ravpsd.hekko24.pl\/index.php?rest_route=\/wp\/v2\/pages\/16716\/revisions\/16720"}],"wp:attachment":[{"href":"https:\/\/nord.ravpsd.hekko24.pl\/index.php?rest_route=%2Fwp%2Fv2%2Fmedia&parent=16716"}],"curies":[{"name":"wp","href":"https:\/\/api.w.org\/{rel}","templated":true}]}}